ime factors of i(-3).
2
Let i be 7/4 - 10/(-40). Suppose -2*u - i*r + 98 = 0, 29 = u - 0*r - 4*r. List the prime factors of u.
3, 5
Suppose 12 = -4*r + r. Let z(v) = -v**2 - 7*v - 6. Let s be z(r). Suppose -3*f + 23 = 5*q, -5*q + 3*q + s = -2*f. List the prime factors of q.
2
Let s(r) = r + 20. Let o be s(0). Let z be 2/(-5) + (-112)/o. What are the prime factors of (-3 + 9)*z/(-4)?
3
Let d be (14/(-5))/(1/(-5)). Suppose 4*p + 2 = -d. List the prime factors of (p - -16)/(0 + 1).
2, 3
List the prime factors of (-10)/((-37)/12 - -3).
2, 3, 5
Let l = -3 + 6. Suppose -5*z + 5*b = -35, -2*z - z = -4*b - 25. Suppose z*u - 15 = -l. What are the prime factors of u?
2
Let t(r) = 3*r + 1. Let f be t(-1). Let l be (f - -1) + (3 - 0). Suppose z = l + 8. List the prime factors of z.
2, 5
Suppose 2*f - 42 = -f. Let z = f - -14. What are the prime factors of z?
2, 7
Let p(h) = 8*h. Let o(j) = j - 7. Let s be o(8). What are the prime factors of p(s)?
2
List the prime factors of (-12)/(-18) + (-8)/(-6).
2
Suppose 5*m + 2464 - 79 = 0. What are the prime factors of (-1)/2 - m/18?
2, 13
Suppose 51 = 4*k - 3*r + 6*r, k = r + 4. Let y(n) = n**2 - 9*n + 4. Let q be y(k). Suppose 2*f - 2*h = 18, 3*f - 19 = -h - q*h. List the prime factors of f.
2
Suppose 77 - 305 = -4*x. List the prime factors of x.
3, 19
Let k(f) = f**3 - 12*f**2 + 12*f + 3. List the prime factors of k(11).
2, 7
Let w(d) = -29*d + 62. What are the prime factors of w(-9)?
17, 19
Suppose 0 = 2*i + 3*i + 15. Let q be (-6)/i - (-11 - 1). Suppose 2*z + 3*g - q = -2*g, 3*g = 0. List the prime factors of z.
7
Let i be -1*5*32/(-10). Let n be -1*i - (-9)/3. Let p = n - -22. List the prime factors of p.
3
Let d(t) = -552*t**3 - t**2 - t + 1. Let c be d(1). List the prime factors of 1/4 - c/28.
2, 5
Let j(s) = -s - 3. Let q(u) = 3*u + 7. Let w(f) = 5*j(f) + 2*q(f). Let b be w(4). Suppose 0 = b*t + 4*l - 33, -55 = -2*t - 3*t + l. List the prime factors of t.
11
Let q(i) = i**3 - 8*i**2 + 9*i. Let y(k) = 2*k**2 + 3*k - 2. Let x be 9/(-2)*6/9. Let o be y(x). List the prime factors of q(o).
2, 7
Suppose -4*w = 3*w - 14. Suppose -w*c = c - 63. List the prime factors of c.
3, 7
Let s(f) = -4*f**3 - 2*f**2 + 2*f + 1. What are the prime factors of s(-2)?
3, 7
Let o = 37 - -38. Suppose 2*j = z + 30, 0 = -8*j + 3*j - 5*z + o. What are the prime factors of j?
3, 5
Suppose -w = 2*m - 15, 2*m + 0*w - 2*w = 0. Suppose -v + m*v = 0. Let s(x) = -x**2 + 22. What are the prime factors of s(v)?
2, 11
Let s(j) = -j**3 - j**2 + 2*j + 3. Let y be s(-2). Suppose -y*q + 16 + 32 = 0. List the prime factors of q.
2
Suppose -2*m = -q - 118, 3*m - 2*q - 2*q - 187 = 0. Suppose 4*w - 15 = m. What are the prime factors of w?
2, 3
Let v(p) = -2*p**2 - 7*p + 9. Let n(o) = -o**2 - 7*o + 10. Let m(w) = 3*n(w) - 2*v(w). List the prime factors of m(8).
2, 5
Suppose 4*x - q - 5 = 12, 5 = -5*q. Let s(z) = z**3 - 3*z**2 - 5*z + 6. What are the prime factors of s(x)?
2
Let h = -4 - -3. Let j be 3 - h/2*-2. Suppose 4*u = 2*d + 18, 13 = 4*u + d - j*d. What are the prime factors of u?
2
Suppose 0 = 5*z - 3*t - 554, -3*t + 4 + 2 = 0. List the prime factors of z.
2, 7
Let d be 4/3 - 4/(-6). Let o(a) = 3*a**2 - 4*a + 2. What are the prime factors of o(d)?
2, 3
Suppose -2*o + 3*o = -4*s - 10, s = -o + 2. Suppose 3*u + i - 51 = o, 3*u = -5*i + 57. List the prime factors of u.
19
Let b = -28 - -46. Let l = b + -10. List the prime factors of l.
2
Let y = -10 - -20. List the prime factors of y.
2, 5
Suppose -3*w + 880 = -4*c, -3*w + 590 + 320 = 2*c. What are the prime factors of w?
2, 3, 5
Suppose -2*s + 3 = s. Suppose -u = s - 4. What are the prime factors of u?
3
Let x = -48 - -96. List the prime factors of x.
2, 3
Suppose -5*a + 12*a = 56. What are the prime factors of a?
2
Suppose -80*b + 81*b = 6. List the prime factors of b.
2, 3
Let p be (6/(-3))/((-6)/9). Suppose 4 = p*s - 59. What are the prime factors of s?
3, 7
Let u be (-2)/4 - 78/(-4). Suppose 4*p - u = 29. Let l = 25 - p. What are the prime factors of l?
13
Suppose -n + 21 = -5*g - 7, -g = 5. Suppose 2*p + 0 - 4 = 0, -2*c = n*p - 10. List the prime factors of (-4 + c)/((-2)/4).
2
Let s be 132/28 + 4/14. Suppose 0 = -s*u - 2*t - 2, 3*t = 3*u - t + 22. Let g(x) = x**3 + 2*x**2 - 3*x - 3. List the prime factors of g(u).
3
Suppose -5*l + 9 = -2*l. Let n be (-20)/(-3) + (-2)/3. Suppose l*c = 4*h - 18 - 2, h = -2*c - n. List the prime factors of h.
2
Suppose -s = 4*x - 207, 0 = -2*x - 2*s + 55 + 47. What are the prime factors of x?
2, 13
Let c be 58/14 - 3/21. List the prime factors of c + (29 - (-3 + 2)).
2, 17
Let k(p) = 7*p**2 - 9*p - 7. Let x be k(-6). List the prime factors of ((-1 - x)/(-3))/2.
2, 5
Let a be 2/(-4) - 127/(-2). Suppose -22 - a = -5*c + 3*m, 5*c - 5*m = 85. List the prime factors of c.
17
Let s = -8 + 10. Suppose s*w - w = 16. List the prime factors of w.
2
List the prime factors of 38 + (1 - (2 - -2)).
5, 7
Suppose 4*d = -5*u + 30, -2*d - d + 19 = 2*u. Let m(a) = a**2 - 4*a - 5. Let l be m(d). Suppose l = -2*p + 19 + 1. List the prime factors of p.
2, 5
Let s = -39 + 60. Suppose -81 = 4*z - s. Let a = -5 - z. What are the prime factors of a?
2, 5
Let h = -3 - -5. Suppose -h*d + 56 = 16. List the prime factors of d.
2, 5
Let y be (6/(-4) - -1)*18. Let t = -7 - y. List the prime factors of t.
2
Let w be 1 - (-2 - (3 - 2)). Let f(d) = d**3 - 3*d**2 - 2*d + 4. List the prime factors of f(w).
2, 3
Suppose -5*n = -5, y = 4*y + 5*n - 371. What are the prime factors of y?
2, 61
Let u be (-4)/14 + 44/7. Let q(d) = -d**2 + 8*d - 9. Let r be q(u). Suppose 0 = 3*k + 3*j - 12, -5*k + 7*j + 11 = r*j. What are the prime factors of k?
3
Suppose -y - y + 128 = -2*c, 3*c - 6 = 0. Suppose 0 = -4*s - l + y, 6*l - l = s - 6. List the prime factors of s.
2
Let t = 45 - 30. Suppose -4*h + 10 + 21 = 5*f, -3*f = t. What are the prime factors of h?
2, 7
Let g(p) = p**2 - 5*p - 6. Suppose z = 3*z - 6. Suppose -r = z*r - 28. What are the prime factors of g(r)?
2
List the prime factors of (-7)/(-21) + (-16)/(-6).
3
What are the prime factors of 1/((-377)/1344 + (-2)/(-7))?
2, 3
Let d be (-2)/5 - (-12)/(-20). Let a = -7 - d. Let v = a - -11. List the prime factors of v.
5
Suppose 0 = -2*y - 5*n - 5, 3*y + 5*n = n + 3. Suppose 12 = 4*m - 3*s + s, -s + 22 = y*m. What are the prime factors of m?
2
Suppose 7*v + 10 = 38. List the prime factors of v.
2
What are the prime factors of 2*(-2)/(-6)*42/4?
7
Let k be (4*1 + 1)*1. Suppose 0 = 5*f - j + 7 + 8, 0 = -4*j + 20. Let w = f + k. List the prime factors of w.
3
Suppose 3*d = -d + 4. Let i = d + 1. Suppose -1 - i = -o. What are the prime factors of o?
3
Let b(d) = -d**3 + 10*d**2 - 3*d + 1. What are the prime factors of b(8)?
3, 5, 7
Let y(r) = -r**2 + 3*r - 3. Let o be y(5). Let g = 18 + o. Let j = g - 3. What are the prime factors of j?
2
Suppose 5*d = y + 80, -d + y - 40 = -4*d. What are the prime factors of d?
3, 5
List the prime factors of (-52)/(-2 - 0) + -3.
23
Let l(p) = -p**3 - 23*p**2 - 4*p - 7. What are the prime factors of l(-23)?
5, 17
What are the prime factors of (1/(10/(-8)))/(5/(-475))?
2, 19
Let a = -3 + 3. Suppose -w = -3*k + 1, -3*k - w + 6*w - 7 = a. List the prime factors of (k - 11)*3/(-2).
3, 5
What are the prime factors of ((-975)/(-30))/(1/6)?
3, 5, 13
List the prime factors of (3 - -27)*152/20.
2, 3, 19
Let y be (84/(-10))/(15/(-100)). Suppose 4*m - y = -5*q - 0*q, -5*q = -3*m - 28. What are the prime factors of q?
2
Let i(m) = 6*m + 2. Let g(h) = -6*h - 1. Let c(f) = 6*g(f) + 5*i(f). What are the prime factors of c(-2)?
2
Suppose 2*z + 0*v = 3*v + 12, -6 = -z - v. Let i be 8/(-28) - (-38)/(-14). What are the prime factors of ((-2)/z)/(i/27)?
3
Suppose -4*i + 161 = 3*g - 101, -4*g + 308 = -5*i. Suppose 8 = -2*j + g. List the prime factors of j.
37
Suppose -p + 4 = 2. Let b = p + 0. Suppose 4*a = -2*r, 14 = 4*r - b*a - 16. List the prime factors of r.
2, 3
Let u be (0 + 1)*1*4. Suppose -u*q - 5 + 84 = -5*i, 5*q = 3*i + 89. What are the prime factors of q?
2
List the prime factors of ((-2)/(-4))/(4/328).
41
Suppose 1 - 3 = -u. Let d = u + 1. Suppose k + d*k = 2*j, 5*k = j + 6. List the prime factors of j.
2
Suppose -315 = d - 4*d. List the prime factors of d.
3, 5, 7
Let u(y) = -y**3 - y**2 + 2*y + 104. What are the prime factors of u(0